 = g**3 - 36*g**2 + 33*g + 70. Determine u(n).
0
Suppose -4*y + 22 = -o, 0 = -39*o + 36*o - y - 1. Let n(k) = 2*k + 15. Give n(o).
11
Let j = 19 - -1. Suppose 28 = 4*n - 4*m, 4*n + 0*m - j = 2*m. Let g(f) = -4*f - n*f + 7*f + 2 - f. What is g(6)?
-4
Let m(t) = -t**2 + 9*t + 5. Let i(p) = -2*p**3 - 98*p**2 + 101*p + 57. Let n = 116 + -166. Let z be i(n). Determine m(z).
19
Let x(d) = -1 + 139962*d + d**2 - 6 - 279941*d + 139980*d. Suppose 0 = 3*w + 4*n - 8, n + 2*n - 23 = 2*w. Give x(w).
5
Let u(p) = -p**3 + 9*p**2 - 8*p + 8. Let f be 18/9*-1*4*4. Let x be f*((-4)/(-16)*11 + -3). Determine u(x).
8
Suppose -7*h + 81 = -31. Suppose 2*u = h*u + 70. Let s(m) = m. Determine s(u).
-5
Let f(q) be the third derivative of -1/6*q**4 + 0 + 309*q**2 + 4/3*q**3 + 0*q. Determine f(3).
-4
Let z(x) = 658 - 10*x - x**2 + 438 - 883. Calculate z(-21).
-18
Let d(v) be the second derivative of 1/20*v**5 + 0 + 3*v**2 - 35*v + 0*v**4 + 1/6*v**3. Calculate d(0).
6
Let y(b) = 84*b - 1038 + 995 - 88*b. Calculate y(-10).
-3
Let a(k) = -k**2 - 6*k + 7. Suppose 0 = 3*i - 11 + 32. Let z(p) = -p**2 - 8*p + 14. Let j be z(i). Suppose -6*m - j = -3*m. What is a(m)?
0
Let x(l) be the third derivative of l**6/120 + l**5/12 - l**4/12 + l**3/6 - l**2. Let c = 226 - -676. Let m = c + -907. Give x(m).
11
Suppose -15 = 2*t + 3*p, -25*p = -20*p - 15. Let k(h) = -3*h**2 - 37*h - 7. Calculate k(t).
5
Let g(c) = 7*c. Suppose 190*j = 82 - 129 - 143. Determine g(j).
-7
Let t(b) = -5*b - 13. Suppose -18 = -647*o + 638*o. Give t(o).
-23
Let a(c) be the second derivative of 5*c**2 + 0 - 1/3*c**3 - 68*c. Give a(8).
-6
Let g(t) be the second derivative of t**4/12 - t**3/2 - 2*t**2 - 182272*t. Suppose -2 = -2*i + 3*i. What is g(i)?
6
Suppose -15 = -181*m + 196*m. Let z(p) = 23*p**3 - p**2 + p - 1. Let r(y) = 23*y**3 - 2*y**2 + 2*y - 1. Let j(u) = -2*r(u) + 3*z(u). Calculate j(m).
-22
Let i(k) = -2*k**2 + 3*k + 3. Let m be i(3). Suppose l + 5*d - 332 = -26, 5*l - 1617 = 4*d. Let z(j) = l*j - 4 - 162*j - 162*j. What is z(m)?
14
Let h(s) = -3*s**2 + 53*s + 21. Let b(u) = 2*u**2 - 35*u - 14. Let t(y) = 8*b(y) + 5*h(y). Let l be t(16). Let m(q) = l*q - 3*q - 4*q - 3*q. Determine m(-8).
8
Suppose -3*v = 3*p - 21, -p + 2*p - 23 = -5*v. Let w(q) = 2*q**2 + 196*q + 3. Let h(t) = t**2 + 200*t - 1. Let y(i) = h(i) - w(i). Give y(v).
-4
Let g(s) = -s**2 + 6*s - 7. Let k be g(6). Let i(p) = -p**2 + 7*p - 100 + 97 + 0*p**2 + 0*p**2 + 2*p**2. Determine i(k).
-3
Let l(t) = 9*t - 2. Let a(u) = -40*u + 53. Let g(b) = a(b) + 5*l(b). Calculate g(-9).
-2
Let w(k) = -k**2 - 5*k + 29. Suppose d + 35 = -4*s, 173*s - 174*s = -2*d + 2. Determine w(s).
5
Suppose -2*p = -18 - 48. Suppose 3*x - p = 2*z, x - 3*z - 45 = -3*x. Suppose -5*d + 17 = -3*v, v + x = -d + 6*d. Let j(i) = i**3 + 6*i**2 + 7*i + 5. Give j(v).
9
Let r(n) = -n**3 - 6*n**2 - 7*n - 5. Suppose -58*g = 35*g + 357 + 108. Give r(g).
5
Let o(z) be the first derivative of -5*z**2/2 + 13*z + 493. What is o(-3)?
28
Suppose 13*m - 2*l = 16*m - 14, m - 2*l - 2 = 0. Let a(c) = c. Let z(r) = -r**2 - 6*r + 3. Let o(j) = m*a(j) + z(j). Determine o(-3).
0
Let d(f) = -6*f**3 - 6*f**2 - f - 13. Let z(r) = -7*r**3 - 5*r**2 - r - 14. Let x(i) = 6*d(i) - 5*z(i). Determine x(-11).
3
Let i(v) = -14*v + 1204. Let w be i(85). Let x(j) be the third derivative of -7/30*j**5 + 0 - 2/3*j**3 + 0*j + 2*j**2 + 0*j**4 + 1/120*j**6. Calculate x(w).
-4
Let d(n) be the second derivative of -n**5/20 + 3*n**4/4 - 32*n**2 - 1942*n + 1. Give d(8).
0
Suppose 15*t = 3*t + 744. Let d(o) = -126*o + t*o + o**3 + 59*o + 5*o**2 - 1. Calculate d(-6).
-7
Let p(z) = z**3 - 7*z**2 + 3*z + 1. Suppose -20*v = -14*v - 12. Let g be (1 - v)*12/(-4 - -1). Give p(g).
-35
Let l(k) = -k**3 + 12*k**2 - 9*k - 16. Let i(w) = -28*w**2 - 4*w + 60. Let f be i(-6). Let c = f - -935. Determine l(c).
6
Let x(f) = -93962 - f + 93962. What is x(-3)?
3
Let o(p) = -2*p + 2. Let s(q) = 18 - 3*q**2 - 11 - 2 + 0*q**2. Let g be s(-2). What is o(g)?
16
Let u(k) = 114 - 215 + 106 - 17*k - k. What is u(1)?
-13
Let y = 4440 + -4438. Let c(u) = -30*u + 5. Determine c(y).
-55
Let r = -3229 - -3227. Let q(v) = -v**2 + 2*v + 5. Calculate q(r).
-3
Let x(n) be the second derivative of -n**5/20 - n**4/3 - 3*n**3/2 - 2*n**2 + 84*n. Let v be x(-2). Let b(d) = 0*d - 7 - 4*d + 0*d + 0*d. What is b(v)?
-31
Let r(m) = 5*m**3 - 2*m**2 - 2*m + 4. Let c be r(1). Suppose h = -3*v + 23, 4*v - 14 = h + c. Let n(w) = 7 + 3*w**2 + 5*w + 0 - 4*w**2. Determine n(v).
1
Let b be 11032/40 - (-1)/5 - 0. Let q(a) = 275*a**2 - a - 1 + 4*a - 4*a - b*a**2. Give q(-3).
-7
Let l(q) = -155*q**2 + 415*q**2 - 45 + 2*q**3 - 128*q**2 + 8*q - 118*q**2. Give l(-6).
-21
Let i(x) = -2 - 10 + x**2 + 0. Suppose -3*s + 22*m - 25*m - 18 = 0, 4*m + 24 = 4*s. Calculate i(s).
-12
Let t(v) = -v**3 + 4*v**2 + 6*v - 5. Let k be t(5). Suppose -41*l = -40*l - 4. Let y(w) = 4*w**3 + 5 + w**2 + 0 - w - l*w**3 - w**3. Give y(k).
5
Let h(d) = d**2 + 7*d + 9. Suppose 0 = -0*v + 2*v - 3*m - 27, 5*v - 3*m - 81 = 0. Suppose 2*x = v + 12. Suppose -o = -s + 12, 8 + x = -4*o - s. Calculate h(o).
9
Suppose 0*z + 23*z - 161 = 0. Let a(k) = 4*k**3 + 3*k**2 - 2*k**2 + 13*k + z*k - 21*k. Give a(1).
4
Let r(d) be the third derivative of -d**6/120 - d**5/15 + 5*d**4/24 + d**3/2 + 8343*d**2. Determine r(-6).
45
Let n(g) be the third derivative of g**6/40 - g**4/24 + 21*g**2. Suppose -4*q - 21 = -5*r, -46 + 35 = -q - 2*r. Calculate n(q).
2
Let r(f) = f**2 - 11*f - 3. Let u = -188 + 108. Let z be ((u/12)/1)/(2/(-3)). Determine r(z).
-13
Let j be 52/12 + ((-16)/(-6))/4. Let x(q) = 12 - 7*q + 15*q - 7*q. Let y(r) = -2. Let s(t) = j*y(t) + x(t). Determine s(-3).
-1
Let d(k) be the second derivative of -k**5/20 + 7*k**4/12 - 11*k**3/6 + 151*k**2/2 + k + 111. Determine d(8).
-1
Suppose 86*z + 277 = 793. Let x = 12 - 8. Let n(h) = -x*h + 3*h + 0*h + 3*h - 4. Give n(z).
8
Let d(c) = -c**3 - 2*c**2 - 5*c - 1. Let k be d(-2). Let u(j) = -k*j + 1 + 3316*j**3 - 5 - 9*j**2 - 3315*j**3. Give u(10).
6
Suppose -z + 4*z - 30 = 0. Suppose k = -k - z. Let p(c) be the third derivative of -c**4/12 - c**3/6 + 2*c**2 - 2971. Calculate p(k).
9
Let s(p) be the third derivative of p**5/60 + 11*p**4/12 - 4*p**3 + p**2 + 4898. What is s(-22)?
-24
Suppose 0 = -76*j + 163 - 163. Let y(h) be the third derivative of 0 + 0*h**4 - 1/30*h**5 + j*h + h**2 + 0*h**3. Determine y(2).
-8
Let r(w) = -12. Let p(s) = s**2 + 12*s + 51. Let u(v) = -p(v) - 2*r(v). Calculate u(-9).
0
Let u(r) = -20*r - 92. Let g be u(-5). Let f(t) = -8 + 8*t**2 + t + 10 - t**3 - 8 + t. Calculate f(g).
10
Let v(f) be the first derivative of f**3/3 + 5*f**2 - 7*f - 21. Let i be v(-11). Suppose 5*z + i = 6*z. Let w(k) = -k**2 + 3*k + 4. Calculate w(z).
0
Let q = 111 + -114. Let j(f) be the second derivative of 3/2*f**2 + 1/12*f**4 + 1/6*f**3 + 0 + 11*f. Determine j(q).
9
Suppose -65*b + 69*b - 24 = 0. Suppose 3*p - 45 = 3*y - b*y, 0 = -4*p - 5*y + 63. Suppose 3*j - 7 = 5*s, 4*s - 9*s - 2*j - p = 0. Let w(n) = 7*n - 2. Give w(s).
-16
Let d be 3/10 + 2329/170. Let y(w) = -d + 30 + 21*w**2 - 7 - 8. Calculate y(-1).
22
Let f(j) = 23*j + 1. Let n(m) = -m**2 + 9*m + 15. Let q be n(10). Suppose q*a - 7 = 8. Let w be (-5 + a)/((5 - 1)/2). Determine f(w).
-22
Suppose -7*g = -3*g + 3*u - 57, -5*u = -35. Let w(r) = -r**2 + 18*r - 2. Give w(g).
79
Let g(x) = -4*x + 7. Let u be g(13). Let b be -1*u/6*48/18. Suppose 5*y = -h - 12, 2*y - 3*y + b = 3*h. Let p(z) = z**3 - 8*z**2. Give p(h).
0
Let u = 7 + -26. Suppose 102 = -4*p - 2*p. Let y = u - p. Let t(s) = -s**3 - s**2 + s - 1. Give t(y).
1
Let a be 4/22 - (-8)/(-66)*-15. Suppose -a*f = 3*r - 0*r + 11, 5*r + 4*f = -21. Let x be -2 + (-3 - -1) + (r - -2). Let t(u) = u - 4. What is t(x)?
-7
Let j(l) = -l**3 - 19*l**2 + 18*l + 8. Let c(m) = 2*m**2 - 3*m - 1. Let p(w) = -6*c(w) - j(w). Suppose 3*q + 2*q = -2*u - 27, 4*u = -q + 9. Give p(q).
-2
Let x(q) = -11*q**3 + 5*q**2 - q - 3. Let t(i) = 330*i + 2972. Let g be t(-9). Calculate x(g).
-73
Let x(v) = v**3 - 5*v**2 - 9*v + 2. Let h be (2 - -2) + (-5)/(20/24). Let d(q) = -5*q**3 + 25*q**2 + 46*q - 11. Let u(b) = h*d(b) - 11*x(b). Calculate u(6).
6
Let q(m) = -2*m**2 + 27*m + 101. Let f = 11680 + -11664. What is q(f)?
21
Let q(a) = -4*a + 2. Let c(n) be the first derivative of -n**4/4 + 